 y(h) = h**3 - 7*h**2 + 8*h + 3. Calculate the remainder when y(o) is divided by r.
3
Let a = 3 - -13. Calculate the remainder when a is divided by 9.
7
Calculate the remainder when 85 is divided by 29/4*(1 + 3).
27
Calculate the remainder when (-3 - (-21)/6)*22 is divided by 6.
5
Suppose -b = -3 - 5. Suppose 0*d + d - 3 = 0. Calculate the remainder when (-12)/(-14)*(b - 1) is divided by d.
0
Let n(t) = 2*t**2 + 2*t. Let d be n(-2). Suppose 0*v - 64 = -d*v. Let z(i) = -7*i**3 + i. What is the remainder when v is divided by z(-1)?
4
Let v(k) = -k**2 - 4*k. Let d be v(-4). Suppose -3*m - 3 + 12 = d. Suppose -8 = m*q - 56. Calculate the remainder when 47 is divided by q.
15
Let r(m) = -1 - m**3 - 2*m + 4 - 5*m**2 + 1. What is the remainder when r(-5) is divided by 8?
6
Let l be 8/(2/(-1) - 0). What is the remainder when ((-194)/(-6))/(l/(-12)) is divided by 25?
22
Suppose -4*r + 2*a + 114 = 0, 6*a = r + 5*a - 31. Suppose -4 + 32 = 4*b. What is the remainder when r is divided by b?
5
Suppose -u + 5*p = 17, 2*u - 12 = -5*p - 1. Calculate the remainder when 15 is divided by 2 - (-1)/u*-14.
6
Let s(d) = -d**2 - d + 3. Let r be s(0). Suppose 4*f - 28 = -0*f - a, a = -r*f + 20. Suppose -f = -4*y + 72. What is the remainder when y is divided by 7?
6
Suppose -3*r - 3*b + 4 = -8, -b - 38 = -5*r. Calculate the remainder when 13 is divided by r.
6
Let f be ((-44)/(-2))/((-10)/(-25)). Suppose -4*w = -f + 11. What is the remainder when 31 is divided by w?
9
Let f = 11 + 14. Suppose 0 = -2*t - 9 + f. Suppose -4*g = -t - 32. What is the remainder when g is divided by 4?
2
Suppose 0*p = p + 10. Let h = p + 12. What is the remainder when 9 is divided by h?
1
Suppose 3*c + 3*i = 142 + 110, 0 = -3*c - 5*i + 256. Calculate the remainder when c is divided by 21.
19
Let y(r) = r**2 - 14*r - 8. Calculate the remainder when ((-2)/2)/(1/(-20)) is divided by y(15).
6
Let h = 4 + -2. Let y be (-8)/28 + h/7. Suppose y = -5*p + 2*p + 15. Calculate the remainder when 14 is divided by p.
4
Suppose 49*b + 22 = 51*b. Calculate the remainder when 36 is divided by b.
3
Calculate the remainder when 52 is divided by ((-42)/9)/((-2)/6).
10
Suppose 3*p - 4*b + 0*b - 4 = 0, 5*b + 6 = 4*p. What is the remainder when p is divided by 4?
0
What is the remainder when (-65)/(-20)*16/4 is divided by 8?
5
Let o = -10 + 9. Calculate the remainder when 65 is divided by 4/((-4)/(-23)) + o.
21
Suppose -46 = -3*v + 2*d, -5*d = v - 2*d + 3. Suppose 0*l + l + 3 = 0, -3*x - 168 = l. Let b = x + 102. Calculate the remainder when b is divided by v.
11
Let x be 3/(-2)*(1 + -3). Suppose 2*b + x*u = -u + 34, -5*b - 3*u = -113. Let l(h) = -h + 3. Calculate the remainder when b is divided by l(-6).
7
Let x(k) = -k**3 - 11*k**2 + 2*k + 7. Let u be x(-11). Let r = u - -25. What is the remainder when 18 is divided by r?
8
Calculate the remainder when (1 + -1 - -13)/((-2)/(-6)) is divided by 20.
19
Suppose -3*n + 252 = 4*j, 0*j = -4*n - j + 336. Calculate the remainder when n is divided by 22.
18
Let k = 115 - 42. Calculate the remainder when k is divided by 26.
21
Suppose 0 = 2*p + 6 - 148. What is the remainder when p is divided by 24?
23
Calculate the remainder when 63 is divided by (-3)/(3 + (-136)/44).
30
Let m = -5 + 43. What is the remainder when 110 is divided by m?
34
Let f = 12 - -23. Let d = 28 + -10. What is the remainder when f is divided by d?
17
Suppose -20 = k + 4*v, 6*k - 10 = 4*k + 2*v. Suppose 0 = -5*a - 3*r - 2*r + 85, -r + 4 = k. Calculate the remainder when a is divided by 5.
3
Calculate the remainder when 2/2*(4 + 37) is divided by 14.
13
Suppose -6 + 2 = -2*a. Let b be 16/(-10)*(-10)/4. Suppose b*x - 4*j - 2 = 3*x, -j = 5*x - 10. Calculate the remainder when x is divided by a.
0
Suppose 4*t = 4*i, -3*i = -t - 0*i. Suppose 2*j = -4*h + 266, 0*h - 5*h - j + 331 = t. Calculate the remainder when h is divided by 17.
15
Let h(j) = -6*j**3 - 2*j**2 - j - 2. Let v(i) = -i**3 + i**2 - i - 1. Let g(s) = h(s) - 5*v(s). Calculate the remainder when g(-8) is divided by 12.
11
Suppose -2*r = -8*r + 30. Calculate the remainder when 18 is divided by r.
3
Suppose -4*u - 15 = -7*u. Suppose -5*v + 6 = z - 24, u*z = v + 20. Calculate the remainder when 7 is divided by z.
2
Suppose -49*k + 548 = -45*k. What is the remainder when k is divided by 48?
41
Suppose -4*z = 3*u - 67, 5*z - 11 - 9 = 0. Calculate the remainder when 62 is divided by u.
11
Let i = 54 + -43. What is the remainder when 32 - 0*2/4 is divided by i?
10
Let i(q) = 15*q + 96. What is the remainder when 29 is divided by i(-6)?
5
Let i(p) = -114*p**3 + p**2 - 4*p - 4. Calculate the remainder when i(-1) is divided by 30.
25
Let m(a) = 3*a**2 - 3*a + 2. Calculate the remainder when m(-3) is divided by 13.
12
Let d = 5 + 0. Suppose 0*k = -5*k. Suppose 5*u - 15 = -k*u. Calculate the remainder when d is divided by u.
2
Suppose 2*h + 7 = 51. Calculate the remainder when h is divided by 8/(-10)*-2*5.
6
Suppose -2*s = -u + 27, 8*u + 5*s = 3*u + 60. Let i(x) = -x**2 - 8*x - 8. Let m be i(-6). Calculate the remainder when 2*u*2/m is divided by 6.
5
Let p(w) = -w. Let b be p(-2). Suppose -18 - b = -2*f. Calculate the remainder when f is divided by 6.
4
Let u = -32 - -23. Let r(m) = m**2 + 8*m - 5. Calculate the remainder when 9 is divided by r(u).
1
Let j = -14 + 26. Let a(u) = -3 + 5*u + 0*u + 5. Calculate the remainder when a(4) is divided by j.
10
Suppose -3*l = -n - n + 38, 34 = 2*n - l. Let k = -10 + n. Suppose 74 = 5*v + f, 5*f + 26 = 2*v - 9. Calculate the remainder when v is divided by k.
3
What is the remainder when 86 is divided by ((-2)/(-6))/(2/132)?
20
Let y(g) = -g. Let z be y(-2). Suppose p + 3*u - 38 = u, 100 = 2*p - z*u. What is the remainder when p is divided by 12?
10
Let k(o) = -o - 2. Let a be k(7). Let n = -1 - a. What is the remainder when n is divided by -1*(-1 + -2*2)?
3
Let l = 2 + 0. Suppose -4 + 6 = l*p. Suppose -5*r = -6*r + 1. Calculate the remainder when p is divided by r.
0
Suppose 0*q + 92 = 4*q. What is the remainder when 31 is divided by q?
8
Suppose 2*k - 4*k - 50 = -3*j, j = 4*k + 20. Let b(l) = -46*l - 1. Calculate the remainder when b(-1) is divided by j.
13
Let c(f) be the first derivative of -3*f**4/4 - 2*f**3/3 - 2*f**2 - 2*f + 4. Calculate the remainder when c(-2) is divided by 6.
4
Let x(l) = 4*l. Suppose -78 = -2*j - 5*c, -2*c - 2 = -6. What is the remainder when j is divided by x(3)?
10
Let d be (-1)/(-4) - (-53)/(-4). Calculate the remainder when 23 is divided by (1 + -1)/2 - d.
10
Let n be 4 - ((1 - 1) + 4). Suppose -h + 4*j - 58 = -4*h, -5*j + 5 = n. Calculate the remainder when h is divided by 5.
3
Let f(a) = 6 - 7 + a**2 + 3*a + a**3 - a. Let z be f(-2). Calculate the remainder when 4/(-6) + (-267)/z is divided by 10.
9
Suppose 4*z = -7 - 5. Let i be 0 - -2 - (z + 1). Suppose -4*l + 70 = 2*v, -4*l = i*v - 26 - 50. What is the remainder when l is divided by 9?
7
Let z = 6 - 3. Suppose 28 = -i + z. Calculate the remainder when 29 is divided by (-10)/i - (-96)/10.
9
Let h(s) = -3*s - 19. Suppose 0 = 4*b + 3*q - 79, -29 - 27 = -2*b + 4*q. Calculate the remainder when b is divided by h(-9).
6
What is the remainder when 15 is divided by ((-4)/3)/(42/(-63))?
1
Let p = 21 + -12. Calculate the remainder when 33 is divided by p.
6
Let w = 8 + -4. Suppose w*m = 3*p + p - 56, 5*m - 2 = p. Let o = 11 + p. Calculate the remainder when o is divided by 8.
5
Let u(a) = a**2 - 9*a - 4. Calculate the remainder when u(10) is divided by 4.
2
Calculate the remainder when (-2*2)/4 - -17 is divided by 6.
4
Let w be -2 + 5 - (-28)/(-2). Let m = w - -20. What is the remainder when m is divided by 6?
3
Let b(r) = r**3 + 9*r**2 + 9*r + 3. Let a be b(-6). Suppose 1 = -4*m - 3, a = 3*k + 3*m. What is the remainder when 59 is divided by k?
19
Let l(i) = i**2 - 32. What is the remainder when l(-8) is divided by 12?
8
Let f(s) = -7*s**3 - s - 1. Let w be f(-1). Let i = w - 0. Suppose d + 121 = -u + 6*u, 2*u = 3*d + 38. What is the remainder when u is divided by i?
4
Suppose -151 = -4*v + 5*c, -3*v = c - 33 - 85. Calculate the remainder when 114 is divided by v.
36
Let o(h) = 7*h - 2. Let w(f) = -3*f + 4. Suppose 4*y + 11 + 13 = 0. Calculate the remainder when w(y) is divided by o(2).
10
Let i = -4 + 8. What is the remainder when 18 i